 of m?
5
What is the tens digit of 2/(-6) - (-318)/9?
3
Let x = -4 - 0. Let o(f) = -3*f + 5. What is the tens digit of o(x)?
1
Let b = 38 - -13. What is the tens digit of b?
5
Let w = 48 + 22. What is the units digit of w?
0
Let g = -134 - -416. What is the tens digit of g?
8
Suppose 2*y + 2 - 4 = 0, -248 = -2*u + 2*y. What is the hundreds digit of u?
1
Let g(z) be the third derivative of -1/120*z**6 - 1/60*z**5 + 0 + 1/24*z**4 + 5/3*z**3 + 0*z - z**2. What is the units digit of g(0)?
0
Let a(x) = x**2 - 9*x - 7. What is the units digit of a(-7)?
5
Suppose -2*u + 4 - 2 = 0, -5*j + 344 = 4*u. What is the tens digit of j?
6
Let x = 83 - 57. What is the units digit of x?
6
Let u(t) = -t**2 + 2*t - 3. Let w be u(2). Let d = 6 + w. Suppose 2*i - 16 = -3*q + 12, 2*q + d = 3*i. What is the units digit of q?
6
Let w be -1 + 69 - (-9)/(-3). Suppose 3*l + w = 5*t + 8*l, 5*t - 3*l = 33. What is the units digit of t?
9
Let d be 0/(1 - 2) + 3. Suppose d*b - 2*b - 7 = 0. What is the units digit of b?
7
Let i = 7 - 2. What is the units digit of i?
5
Let r(w) = -15*w**3 + w + 1. What is the units digit of r(-1)?
5
Suppose 14 = 3*t - 94. Suppose -t = 4*w - 108. What is the units digit of w?
8
Suppose 4*l - 614 = 5*g, 2*l - 2*g - g - 308 = 0. What is the tens digit of l?
5
Let l = 17 + -14. Suppose 0 = 3*a + l, -5*a = 4*f + 1 - 8. What is the units digit of f?
3
Let h = -5 - -4. Let j be (41 + 1)/2 + h. Suppose 3*p - 10 - j = 0. What is the tens digit of p?
1
Let u = -14 - -6. Let s = u + 11. Suppose -s*m = -4*m + 16. What is the tens digit of m?
1
Suppose -12*y + 340 = -8*y. What is the units digit of y?
5
Suppose -2*l = 2*l. Suppose l = -0*c + c. Suppose c*i = -5*i - 20, 3*i = 2*t - 22. What is the units digit of t?
5
Suppose -l - 5*r = -6*l + 45, -5*r = 4*l + 9. Suppose l*h - h - 9 = 0. Suppose -h*n = -4 - 26. What is the units digit of n?
0
Suppose 9 - 24 = -3*w - 3*k, 1 = 5*w - k. What is the units digit of 5 - (0 + 2 - w)?
4
Suppose 3*u + 0*u - 396 = 0. What is the units digit of u?
2
Let t(g) = -g**3 + 10*g**2 + 13*g - 29. What is the hundreds digit of t(10)?
1
Suppose 0 = 5*d - 2*d. Suppose d = 3*q + 2*q - 175. What is the units digit of q?
5
Let w = 3 + 22. Suppose 0 = -5*p - 14 + 39. Suppose 0 = p*f + 5 - w. What is the units digit of f?
4
Let c(h) = -h**2 - 11*h - 10. Suppose 3*j + x - 3*x = -27, j = -5*x - 9. What is the units digit of c(j)?
8
Suppose 3*w + d = 38 + 11, -4*w + d + 63 = 0. Suppose 18*h - 19*h = -w. What is the units digit of h?
6
Let b(s) = s**2 + 15*s + 6. Let j be b(-15). What is the tens digit of (-3 + 1)/(j/(-138))?
4
Suppose 0*m = m - 29. What is the tens digit of m?
2
Suppose -8*x = -3*x + 25. Let j(f) be the second derivative of f**5/20 + f**4/3 - 7*f**3/6 - 5*f**2/2 - f. What is the units digit of j(x)?
5
Suppose 7 = 2*i - 1. Suppose -z + 12 = -i*q, q + 18 = 8*z - 4*z. What is the units digit of 11/2 - (-2)/z?
6
Let y be 3*(-6)/(-9) + -2. Let m = 2 - y. What is the units digit of m?
2
Suppose 8 = -g + 5*t, 5*t + 17 = 4*g - 11. What is the tens digit of g?
1
Let r(a) = -a**2 + a + 5. Let s be r(0). Suppose 3*n - 12 = 0, -80 = -4*g - s*n + 20. What is the units digit of g?
0
Let a = -39 + 77. What is the tens digit of a?
3
Let r(f) = -2*f - 14. Let z(i) = i + 7. Let x(o) = 2*r(o) + 5*z(o). Let q be x(5). Suppose -h = 2*u - 7, 2*u - q = 3*h + h. What is the units digit of u?
4
What is the tens digit of 294/8 - (-6)/24?
3
Let s(r) = r + 1. Let y be s(-5). Let o(q) = 2*q**2 + 6*q + 4. What is the tens digit of o(y)?
1
Let q(g) = -8*g + 11. What is the units digit of q(-5)?
1
Suppose 0*b = 4*b - 36. What is the units digit of b?
9
Let u(z) = -z**3 - 10*z**2 + 5*z + 6. Let s be u(-11). Suppose 9*c - 12*c + s = 0. What is the tens digit of c?
2
Suppose -5*o = -4*f + 5, 5*f - 4*o - 15 = -2. Let r be (-65)/(-2) + (-2)/4. Suppose -j - j = 3*y - r, 3*j + f*y = 50. What is the units digit of j?
0
Suppose -119 = -3*s - 4*a, 2*a + 4 = -4. Let d = 13 - s. Let r = -23 - d. What is the units digit of r?
9
Suppose -53 = -3*d + 2*g - 2, 0 = 3*d + 3*g - 51. Suppose p - d = -1. What is the tens digit of p?
1
Suppose 0 = -5*b - 0 + 20. Suppose 3 = 6*y - 3*y + 3*p, -3*y = b*p - 1. What is the units digit of y?
3
Let a(t) = t**2 + 6*t + 10. What is the units digit of a(-5)?
5
Let a be 46/3 - 6/(-9). Suppose -a + 4 = -d. What is the tens digit of d?
1
Let f be (0 - -3) + 6 + -5. Suppose -p = -o - f, 1 = -3*p + 4*p + 2*o. What is the units digit of (-1)/(p/(-6) + 0)?
2
Suppose 4*p - 5*i + 0 = 53, -34 = -2*p + 4*i. What is the units digit of p?
7
Let p be (-2)/6*3/(-1). Let z(y) = 3*y**2 - y + 1. Let v be z(p). Suppose -9 = u + 3*n, u + v*n + 21 = 4*u. What is the units digit of u?
3
Let s = -4 - -16. What is the tens digit of s?
1
Suppose 7 = -2*x + 3*a + 28, 11 = 2*x - a. What is the units digit of x?
3
Let k(x) = 4*x + 1. Let a(r) = r**2 - 3*r + 3. Let f be 9/3*4/6. Let g be a(f). What is the units digit of k(g)?
5
Let g = 4 - -76. What is the units digit of g?
0
Let u = -5 - -9. Suppose 4*w - 20 = -4*v, 3*v + 5*w = -u + 23. What is the units digit of v?
3
Suppose 750 + 1239 = 17*m. What is the tens digit of m?
1
Let g be ((-4)/3)/(2/51). Let u = 62 + g. Suppose -u = -4*o - 4. What is the units digit of o?
6
Let b(s) = -s**3 - 6*s**2 - 8*s + 3. What is the units digit of b(-4)?
3
Suppose -2*y + 7*y + 10 = -5*d, 4*y - 10 = 2*d. Let o = -6 + 9. What is the units digit of y - o/(-1*3)?
2
Suppose -2*v + 592 = 2*n + 2*n, -311 = -v + 3*n. What is the units digit of v?
2
What is the units digit of 1/(((-12)/1074)/(-2))?
9
Suppose 0 = -4*c + 61 + 43. What is the tens digit of c?
2
Let y = 4 + -7. Let l be (-1)/3 + (-7)/y. What is the units digit of (-52)/(-10)*5/l?
3
Let p(z) = 15*z**2 + 3*z + 3. What is the units digit of p(-1)?
5
Let d(n) = -2*n**2 - 3*n + 1. Let o be d(-4). Let z = o + 33. What is the units digit of z?
4
Let g(u) = 8*u**3 + 4*u**2 - 3*u. What is the units digit of g(2)?
4
Suppose -10 = -2*j + 2*a, -20 = -5*j - 5*a + 15. What is the units digit of 37 - -3 - (-2 + j)?
6
Let p(u) = u**2 + 4*u - 3. Let d be p(-5). Suppose -i = -2 - d. What is the units digit of i?
4
Let y = 14 + -3. Let c = 31 - y. What is the units digit of c?
0
Let a be 44/6 + (-2)/6. Let n(b) be the first derivative of b**3/3 - 5*b**2/2 - 10*b - 4. What is the units digit of n(a)?
4
Let t = 13 + -9. Let y be ((-3)/(-2))/((-3)/(-8)). Suppose -d + t*v = -v + 7, 0 = -5*d + y*v + 49. What is the tens digit of d?
1
Suppose 5*b - b - 168 = 0. What is the tens digit of b?
4
Let w = 117 - 49. Suppose 0 = -2*g + 5*f + 12 + 5, 5*g - w = 4*f. Let m = g + -5. What is the tens digit of m?
1
What is the tens digit of 2/(-5) + 272/5 + 1?
5
Let v(y) = 17*y + 1. Let d be v(1). Suppose 5*n - 10 = -3*p + d, 0 = 4*p - 5*n - 14. What is the units digit of p?
6
Let c(d) = d + 2. Let t be c(-3). What is the units digit of 2 + t/(-1)*5?
7
Suppose 2*h = -7 + 23. Suppose -3*y + 5*y + h = 0. Let g = 3 - y. What is the units digit of g?
7
Let g(w) = -6*w**3 + w**2 - 2*w + 1. Let k be g(1). Let x = k - -13. What is the units digit of x?
7
Let l = 385 + -223. What is the tens digit of l?
6
Let d be 6/((-3)/6 - -2). What is the tens digit of 43/d - (-3)/12?
1
Let r = 130 + -122. What is the units digit of r?
8
Let g(s) = -s**3 + 13*s**2 + 6*s + 9. What is the units digit of g(11)?
7
Suppose -j + 3 = 1. Suppose -f + 2*t + 29 = 7*t, 3*t - 7 = j*f. Suppose -22 = -f*o + 6. What is the units digit of o?
7
Suppose 2*a - 7*a = 5. Let m(n) = -n. Let p be m(0). Let z = p - a. What is the units digit of z?
1
Suppose z = 0, -5*n - 5 = -5*z + 45. Let r = 4 - 3. What is the units digit of n*((-1)/(-2) - r)?
5
Let j(z) be the third derivative of -z**5/60 - 11*z**4/24 - z**3/6 - 5*z**2. What is the units digit of j(-10)?
9
Suppose 5*o + 2*t = 393, 11 = 2*o - 4*t - 127. What is the tens digit of o?
7
Let z = -10 - -7. Let d = z - -50. What is the tens digit of d?
4
Let b = 4 - 1. Suppose 4*d - 2*g - 4 = 0, -3*d + 0*g = 2*g - 17. Suppose s - 28 = -2*q - q, -d*s = -b*q + 24. What is the units digit of q?
9
Suppose -s = 2*s - 12. Suppose -2*b = 2*c - 6, 10 = 3*c + 4*b - 2*b. Suppose 3*q - c*q - 11 = 4*h, -5*q + 41 = -s*h. What is the units digit of q?
5
Suppose -4*y + 3*y + 3 = 0. Let h(n) = 0 + 3*n - n - 1. What is 